{"id":542,"date":"2025-10-06T19:44:02","date_gmt":"2025-10-06T15:44:02","guid":{"rendered":"https:\/\/massageboutique.ge\/?page_id=542"},"modified":"2025-10-06T19:44:45","modified_gmt":"2025-10-06T15:44:45","slug":"read-more2_fr","status":"publish","type":"page","link":"https:\/\/massageboutique.ge\/?page_id=542","title":{"rendered":"Read more2_fr"},"content":{"rendered":"\n<div class=\"wp-block-columns is-layout-flex wp-container-core-columns-is-layout-1 wp-block-columns-is-layout-flex\">\n<div class=\"wp-block-column is-layout-flow wp-block-column-is-layout-flow\">\n\n\n<p><\/p>\n\n\n<\/div>\n\n\n\n<div class=\"wp-block-column is-layout-flow wp-block-column-is-layout-flow\">\n<h2 class=\"wp-block-heading\">Le salon de massage dispose d&#8217;une table de massage stationnaire professionnelle unique en acier.<\/h2>\n\n\n\n<p>Utiliser une table de massage adapt\u00e9e am\u00e9liore consid\u00e9rablement le confort du client. Un rev\u00eatement de qualit\u00e9, comme la mousse \u00e0 m\u00e9moire de forme, soulage les points de pression et rend les s\u00e9ances plus relaxantes. Une table dot\u00e9e d&#8217;un rev\u00eatement de qualit\u00e9 soutient efficacement le corps du client, lui permettant de se d\u00e9tendre tout au long du massage.<\/p>\n<\/div>\n<\/div>\n\n\n\n<p><\/p>\n","protected":false},"excerpt":{"rendered":"<p>Le salon de massage dispose d&#8217;une table de massage stationnaire professionnelle unique en acier. Utiliser une table de massage adapt\u00e9e am\u00e9liore consid\u00e9rablement le confort du client. Un rev\u00eatement de qualit\u00e9, comme la mousse \u00e0 m\u00e9moire de forme, soulage les points de pression et rend les s\u00e9ances plus relaxantes. Une table dot\u00e9e d&#8217;un rev\u00eatement de qualit\u00e9 [&hellip;]<\/p>\n","protected":false},"author":1,"featured_media":0,"parent":0,"menu_order":0,"comment_status":"closed","ping_status":"closed","template":"","meta":{"saved_in_kubio":false,"footnotes":""},"class_list":["post-542","page","type-page","status-publish","hentry"],"kubio_ai_page_context":{"short_desc":"","purpose":"general"},"_links":{"self":[{"href":"https:\/\/massageboutique.ge\/index.php?rest_route=\/wp\/v2\/pages\/542","targetHints":{"allow":["GET"]}}],"collection":[{"href":"https:\/\/massageboutique.ge\/index.php?rest_route=\/wp\/v2\/pages"}],"about":[{"href":"https:\/\/massageboutique.ge\/index.php?rest_route=\/wp\/v2\/types\/page"}],"author":[{"embeddable":true,"href":"https:\/\/massageboutique.ge\/index.php?rest_route=\/wp\/v2\/users\/1"}],"replies":[{"embeddable":true,"href":"https:\/\/massageboutique.ge\/index.php?rest_route=%2Fwp%2Fv2%2Fcomments&post=542"}],"version-history":[{"count":2,"href":"https:\/\/massageboutique.ge\/index.php?rest_route=\/wp\/v2\/pages\/542\/revisions"}],"predecessor-version":[{"id":544,"href":"https:\/\/massageboutique.ge\/index.php?rest_route=\/wp\/v2\/pages\/542\/revisions\/544"}],"wp:attachment":[{"href":"https:\/\/massageboutique.ge\/index.php?rest_route=%2Fwp%2Fv2%2Fmedia&parent=542"}],"curies":[{"name":"wp","href":"https:\/\/api.w.org\/{rel}","templated":true}]}}